 = -m(t) - 3*v(t). Give f(-3).
6
Let z(m) = m**2 + 3*m - 9. Let n be z(-5). Let v be 1/((-1)/(-6)*2). Let t(q) = 3 - q**v - 3 + 2*q**2. Calculate t(n).
1
Let b(g) = 0 + 8 - 8*g - 2*g + g**2. Calculate b(6).
-16
Let q be (3/6)/(2/16). Let o(y) be the third derivative of 5/6*y**3 - 1/12*y**4 + 0 + 0*y - 3*y**2. What is o(q)?
-3
Let n(g) be the second derivative of g**4/12 + g**2/2 + 43*g. Determine n(0).
1
Let x be (2 + -3)/(-3 - -2). Let z(s) = -2 + s**2 + 0*s**2 + x. Determine z(0).
-1
Suppose 0 = 5*c + 10 - 10. Let y(u) = -u. Give y(c).
0
Let l(d) be the third derivative of 0*d + 1/24*d**4 + 3*d**2 - 5/6*d**3 + 0. Let u be l(4). Let j(z) = -6*z**3 + 2*z + 1. Calculate j(u).
5
Let c(b) = b**3 + 3*b**2 - 7*b - 5. Suppose -4*a - 10 = -6*a. Let t(q) = 2*q + 2. Let h be t(3). Suppose -m - a = z, 5*z + 9 = -3*m - h. What is c(m)?
7
Let w(h) = -134 - 9*h + 131 + 2*h. Determine w(-3).
18
Suppose 6*k - 4*k + 5 = -t, -3*k = -3*t + 3. Let i(m) = -m. What is i(t)?
1
Let c(h) = 3*h**2 + 6*h - 3. Let o(q) = -16*q**2 - 31*q + 15. Let y(r) = 11*c(r) + 2*o(r). Let v = 8 + -3. Let a(k) = -2*k + 7. Let s be a(v). Determine y(s).
-6
Let c = 5 - 3. Suppose 2*a = 3*q + 16, c*q + 2 = -0*q - 3*a. Let y(r) = 11 + 3*r**2 - 4*r**2 - r - 14 - 4*r. Calculate y(q).
1
Let s(d) = d**2 - d - 2. Let w(j) = -j + 7. Suppose -g + 5 = 0, g + g = 3*o - 8. Suppose 0 = b - 5*q - 2, 3*b - 13 = 2*q + o. Let x be w(b). Determine s(x).
-2
Let u be 140/25 + (-4)/(-10). Let b be 4/u - (-70)/30. Let l(x) = -5*x**2 - 3*x**3 + 1 - x**3 + 3*x**b - 2*x + 0*x**3. What is l(-2)?
-7
Let n(j) be the third derivative of j**9/60480 + j**8/5040 + j**7/1680 + j**6/120 - j**5/15 + 2*j**2. Let d(c) be the third derivative of n(c). Determine d(-4).
-6
Let q(w) = w**3 - 4*w**2 + 2. Let k be q(2). Let u(p) = -p**2 - 5*p - 7. Determine u(k).
-13
Let h(q) = -4*q**3 - 9*q**2 - 4. Let b(u) = 9*u**3 + 19*u**2 - u + 7. Let w(x) = -3*b(x) - 7*h(x). Determine w(-6).
-11
Let c(f) = 5*f**2 + 6*f - 4. Let n(y) = -y**2. Let u(d) = c(d) + 6*n(d). Calculate u(4).
4
Let m(w) = 5 + 4 - 5 + w. Let b(q) = -q - 6. Let n be b(-6). Suppose 4*l - l = n. Calculate m(l).
4
Let i(t) = t**3 + 4*t + 5*t**2 + t + t**2. Let c = -5 + -3. Let w be (-1*1)/(c/(-40)). Determine i(w).
0
Let p(s) = 0*s - 12 + s - 2*s. Suppose 14 = -5*j + 3*j. Let a = j + 2. Give p(a).
-7
Let r be (0/(-3))/3 - (-2 + 5). Let o(j) = 2*j + 3. Determine o(r).
-3
Suppose s - 27 - 5 = -2*w, -4*s + 2*w = -78. Suppose -s + 7 = -5*m. Let b(x) = -x**3 + 5*x**2 - 4*x + 2. Determine b(m).
8
Let m(g) = -g**2 + 5*g - 4. Suppose -2 = -h, 4*j - 5*h - 4 = 2. Suppose 14 + 2 = j*i. Determine m(i).
0
Let k(r) = r**2 - 8*r + 6. Let c(q) = q**2 + 11*q + 2. Let o be c(-13). Suppose v + 3*v = o. Give k(v).
-1
Let y(w) be the second derivative of -w**3/6 + 11*w**2/2 - 4*w. Suppose -z + 5*o = 3*z - 75, 43 = 2*z + 3*o. Suppose 0 = -t + 5*t - z. Calculate y(t).
6
Let h(w) = -3*w**3 + 0*w**2 + 2*w**2 + w - 1 - 3*w**2. Let d be 1*4 - (-2 + 5). Calculate h(d).
-4
Let v(b) be the third derivative of -1/15*b**5 + 1/12*b**4 + 1/120*b**6 - 2/3*b**3 + 0*b + 3*b**2 + 0. What is v(4)?
4
Let z(a) be the first derivative of -13*a**3/3 + a**2/2 + a - 12. Calculate z(-1).
-13
Let n(o) = 7*o**3 - 21*o**2 - 21*o - 3. Let k(p) = 10*p**2 + 3 + 3*p + 7*p - 2 - 3*p**3 + 0*p. Let h(s) = -9*k(s) - 4*n(s). Give h(-5).
8
Let j(l) = -2*l**2 + l - 4. Let h(f) = 2*f**2 - f + 5. Let a(x) = -3*h(x) - 4*j(x). What is a(2)?
7
Let j(r) = -3*r - 1. Let s be (-2)/(((-1)/(-2))/(-1)). Let u be (-1)/(-2) - (-93)/6. Suppose -6*n + 2*n = 2*c + u, -2*n - s = -c. What is j(n)?
8
Let u(y) = 2*y**2 + 3*y - 3. Let x(g) = -g**2 - 2*g + 2. Let k(q) = 3*u(q) + 7*x(q). Give k(-5).
5
Let s be (6/4)/(6/8). Suppose 1 = -s*b - 5. Let u(n) be the third derivative of n**4/24 - n**3/6 + n**2. Give u(b).
-4
Let r be (-2)/(-1*3/21). Let v = r + -3. Let y = v - 6. Let f(t) = -t**3 + 4*t**2 + 3*t + 5. What is f(y)?
-5
Let m(a) = 4*a**2 - 10*a - 3. Let p(s) = 2*s**2 - 5*s - 2. Let x(n) = -4*m(n) + 7*p(n). Give x(3).
-5
Suppose -14 = 5*m - 3*u, -m + 2*m + 13 = 4*u. Let c(i) = 8*i**2 + i + 1. Give c(m).
8
Let z(r) be the third derivative of -r**4/6 + r**2. Let s = 0 + -4. Let i = s - -6. Calculate z(i).
-8
Let n = 17 - 18. Let i(q) = 1. Let z(r) = r + 7. Let o(a) = n*z(a) + 3*i(a). Calculate o(-5).
1
Let a = 1 + 1. Let n(i) = -3*i**2 + 0*i + 2 - i - 4*i + i**a. What is n(-4)?
-10
Let n be 3*1*(-26)/6. Let p = n - -12. Let k(o) = o**3 + o. Give k(p).
-2
Suppose -2*b - 7 = -4*k + 1, 0 = 2*k + 5*b - 16. Let n(m) be the first derivative of 1 - 2*m - 2/3*m**3 - 1/2*m**2 + 1/4*m**4. Calculate n(k).
4
Let z(b) = 0*b - 2*b + b + 3*b. Give z(5).
10
Suppose -2*s - 23 = -3*p, -3*p = p + 4*s - 4. Let a = -11 + 17. Let i(c) = -4 + 8*c + 0 + c**3 - a*c**2 - 3. Determine i(p).
8
Let k(w) = 4*w**2 - 6*w + 2. Let c(b) = -4*b. Let z be c(-1). Let f be 18/24 + 9/z. Let a(j) = -5*j**2 + 7*j - 3. Let r(d) = f*k(d) + 2*a(d). Calculate r(3).
6
Let f(n) be the third derivative of -n**6/30 - n**5/60 + n**4/24 + n**3/6 - 8*n**2. Let s be f(-1). Let z(i) = 2*i - 1. Give z(s).
5
Let k(j) be the second derivative of 0 + 1/2*j**2 + 1/2*j**3 - 3*j. Give k(-5).
-14
Suppose 2*b - 16 + 2 = 4*t, 4*t = 4. Let l(u) = 2*u + 2*u - 10*u**2 + b*u**2 - 6 + 0*u. Give l(4).
-6
Suppose -2*f - 9 = -0*f + 3*b, -2*f - 4*b = 8. Let v(q) = -q**3 - 6*q**2 - 2*q - 9. Determine v(f).
3
Let y = 19 + -13. Let n(u) = u**2 - 7*u + 5. What is n(y)?
-1
Let v(t) = -t**3 - t**2 + t. Suppose -5*y = -0*y - 20. Let s = y - 3. What is v(s)?
-1
Let q = 4 - 0. Let u(o) be the second derivative of -o**6/360 + o**5/40 - o**3/3 - o. Let h(x) be the second derivative of u(x). Calculate h(q).
-4
Let q(s) = s**2 - 4*s - 5. Let d be q(5). Let l(t) = t + 8. Give l(d).
8
Let g = 0 + -2. Let o(y) = 11*y**3 + 17*y**2 + 6*y + 3. Let m(f) = -7*f**3 - 11*f**2 - 4*f - 2. Let t(q) = 8*m(q) + 5*o(q). What is t(g)?
-1
Let f(r) = -r**2 + r + 5. Let x(d) = -d. Let t(q) = f(q) + 3*x(q). Let m = 32 + -18. Let p = 10 - m. Calculate t(p).
-3
Let y(u) = u + 2. Let c be y(13). Let n = c + -15. Let l(g) = 3*g - g**2 - 7 - 3*g. Calculate l(n).
-7
Let k(r) = r + 3. Let g(j) = -3*j + 3. Let a be g(2). Calculate k(a).
0
Let a be 70/22 + (-6)/33. Suppose q = -q + 2*s - 16, 3*q + a*s = 0. Let c(p) be the second derivative of p**4/12 + p**3 + 3*p**2/2 - 2*p. What is c(q)?
-5
Let d = 8 + 10. Suppose 3*z + d = 4*z. Let r be (-6)/(-27) + 86/z. Let g(w) = -w**3 + 4*w**2 + 5*w - 2. What is g(r)?
-2
Let m(l) = -11 - 2*l + 9*l**2 + l**3 - 4*l - l + 6*l. Calculate m(-9).
-2
Let u(o) be the second derivative of o**4/6 - 11*o**3/6 + 9*o**2/2 - 9*o - 1. Determine u(7).
30
Suppose 0 = w + 4*w - 3*r + 8, 2*r = -2*w - 16. Let c(y) = -y**2 - 4*y - 3. Let v be c(w). Let l(x) = -3*x - 3*x - 4 + 3*x. What is l(v)?
5
Let f(m) = m**3 + 6*m**2 - 7*m - 9. Let j = -12 + 5. What is f(j)?
-9
Let c(t) = t**3 - 6*t**2 + t - 4. Let o = -12 - -23. Let n = o - 9. Suppose 0*j + 5*p = 2*j + 13, 4*p = 3*j + n. Calculate c(j).
2
Let w(v) = 0 + 3 + 11*v - 4*v - 2 + v**2. Give w(-4).
-11
Let t(x) = 7 - 2*x**2 + 0*x + 10*x**2 - 6 - 2*x. Determine t(1).
7
Let y(q) = -q**2 - q - 1. Let p be 3/(-12) + (-69)/12. Let c(z) = -z - 2. Let a be c(-5). Let h be p/(-9) - 2/a. Give y(h).
-1
Let w(d) = d + 5. Let i be w(4). Let c be 0 - -3 - (i - 2). Let b(q) = q**2 + q - 4. Determine b(c).
8
Let b(r) = -3*r**2 + 1. Let m be 34/6 - 6/9. Suppose 2*x + 2 = -m*g - 8, -5*x = 0. What is b(g)?
-11
Suppose 0*x + v + 2 = -2*x, 0 = -3*x + 2*v - 3. Let u = x + 1. Let s(n) be the first derivative of n**2/2 + 3*n - 1. Calculate s(u).
3
Let g = -80 + 84. Let s(n) = 4*n. What is s(g)?
16
Let w(m) = -7*m**3 - 6*m**2 + 2*m + 7. Let c(p) = -p**3. Let o(t) = 6*c(t) - w(t). Give o(-6).
5
Let r(m) = 3*m**3 + 1. Let b be r(-1). Let a(w) = w**3 + w**2 - w - 1. What is a(b)?
-3
Let l = 7 - 4. Let b(t) be the first derivative of t**4/4 - 2*t**3/3 - t**2 - t - 1. Determine b(l).
2
Let p(d) be the first derivative of d**2 - 2*d - 2. Let i be 2/(-5) - 27/(-5). Suppose 5*l + 4*m + 12 = -18, -5*l - i*m - 35 = 0. Calculate p(l).
-6
Suppose -5*a - 12 - 13 = 0. Let k(v) = 10*v**2 + 6*v - 11. Let r(n) = -7*n**2 - 4*n + 7. Let o(t) = -5*k(t) - 7*r(t). Determine o(a).
-9
Let x be ((-56)/6)/((-8)/12). Let y be (-8)/(-28) + 80